843 prime?
True
Is 46692703 a prime number?
True
Is 36513491 prime?
False
Is 1828929827 composite?
False
Is 1045266701 a prime number?
False
Is 60834971173 prime?
False
Is 20431764989 a composite number?
False
Is 1256229421 composite?
False
Is 401612691 a composite number?
True
Is 7427752681 a prime number?
False
Is 109697197 composite?
True
Is 13170811439 a composite number?
False
Is 78781541413 a prime number?
False
Is 3134934267 composite?
True
Is 231708017 prime?
True
Is 41923393835 composite?
True
Is 1004201111 a prime number?
False
Is 11257874231 composite?
False
Is 20732117533 prime?
True
Is 2111353 composite?
False
Is 1595496887 a prime number?
True
Is 973681427 composite?
True
Is 33413787853 a composite number?
False
Is 820041679 a prime number?
True
Is 312290263 a prime number?
False
Is 21006491531 composite?
False
Is 37644518213 prime?
False
Is 49024755679 prime?
False
Is 2772409 a prime number?
True
Is 11063035163 composite?
False
Is 7638845267 a composite number?
False
Is 1545391379 prime?
False
Is 130517349 a prime number?
False
Is 663069781301 a prime number?
True
Is 35190068961 composite?
True
Is 1362224701 prime?
True
Is 38045024837 a composite number?
False
Is 2822115887 prime?
True
Is 1843253435 composite?
True
Is 8110740119 a prime number?
True
Is 1345330289 prime?
True
Is 327452767 prime?
True
Is 2991336809 a prime number?
True
Is 5446200079 prime?
True
Is 22989113677 composite?
False
Is 262300099 a composite number?
True
Is 20047681397 composite?
False
Is 650831623 a prime number?
False
Is 25176095911 prime?
True
Is 9920218411 a composite number?
False
Is 2381669867 composite?
False
Is 3788579257 a composite number?
False
Is 2611383367 composite?
False
Is 8174872649 a prime number?
True
Is 920338459 a composite number?
False
Is 22664046991 composite?
True
Is 1124250287 a composite number?
False
Is 350453728531 composite?
False
Is 14386391 a prime number?
True
Is 2172474769 composite?
True
Is 10396650211 prime?
True
Is 1973293199 prime?
True
Is 7862738843 prime?
True
Is 902488094 a prime number?
False
Is 37346019155 prime?
False
Is 73529774287 composite?
False
Is 12755011513 prime?
False
Is 180915991 a prime number?
True
Is 25803001123 prime?
True
Is 46999529813 composite?
False
Is 124858039 composite?
False
Is 159620107 prime?
True
Is 1061840789 a composite number?
True
Is 5415939701 a prime number?
True
Is 616338389 prime?
True
Is 37172657 a composite number?
True
Is 23389923961 a composite number?
False
Is 42189957987 prime?
False
Is 64980497557 composite?
False
Is 19360330111 composite?
True
Is 4302401749 a prime number?
False
Is 1111430105 a prime number?
False
Is 3142704533 a prime number?
True
Is 4165807609 a prime number?
True
Is 67455253 a composite number?
True
Is 699240953 a prime number?
False
Is 567844043 a composite number?
True
Is 11425091395 composite?
True
Is 171058583 composite?
False
Is 32403952621 a composite number?
True
Is 59278779361 composite?
False
Is 28277281 a prime number?
False
Is 94575842761 a composite number?
True
Is 91763381 a composite number?
False
Is 19943244449 prime?
False
Is 198795109 a prime number?
True
Is 1055102849 prime?
False
Is 3472757693 a prime number?
False
Is 72974134 prime?
False
Is 467755667 a composite number?
False
Is 7283783849 prime?
True
Is 144379548971 a composite number?
True
Is 52723907 a prime number?
True
Is 100846297537 composite?
False
Is 8000715797 a prime number?
False
Is 1747140721 a composite number?
False
Is 3717286999 composite?
False
Is 737645323 a prime number?
False
Is 4472857247 a prime number?
False
Is 20127057185 prime?
False
Is 9877682531 prime?
True
Is 4423005007 a prime number?
False
Is 11993107277 prime?
True
Is 2847008135 prime?
False
Is 6647760179 a composite number?
True
Is 1213726819 a prime number?
False
Is 102235320677 composite?
True
Is 252714881387 composite?
False
Is 1053589571 a composite number?
False
Is 66587863 a composite number?
False
Is 6251319791 composite?
False
Is 19972121137 a composite number?
False
Is 181000604643 a composite number?
True
Is 94926016961 a composite number?
False
Is 26619923489 composite?
False
Is 1512476501 a prime number?
False
Is 3279282763 prime?
True
Is 2146327891 prime?
False
Is 136825980631 a prime number?
True
Is 4295930189 prime?
False
Is 1352191499 a prime number?
True
Is 311290358 a prime number?
False
Is 8683020637 prime?
True
Is 135044083 prime?
True
Is 97303342139 composite?
True
Is 10594610839 prime?
True
Is 890347151 a composite number?
False
Is 940566041 composite?
False
Is 9118861853 composite?
False
Is 465550129 a prime number?
False
Is 97421997133 a composite number?
True
Is 13347544337 composite?
False
Is 37227534517 a prime number?
True
Is 3508749773 a composite number?
True
Is 729762653 a prime number?
False
Is 48711133069 composite?
False
Is 9389651663 prime?
False
Is 315735697 prime?
False
Is 2895559 prime?
False
Is 129717082361 composite?
False
Is 18559285691 composite?
False
Is 261775999 prime?
False
Is 562650047 composite?
True
Is 19059465743 a composite number?
True
Is 2393961113 prime?
True
Is 215772171383 composite?
False
Is 40297399133 prime?
True
Is 432186263 composite?
True
Is 2523520997 composite?
False
Is 23538638099 composite?
False
Is 5962049 composite?
True
Is 96844655 composite?
True
Is 1361686973 a composite number?
False
Is 1772266283 prime?
False
Is 1336648577 a composite number?
True
Is 6754217141 a prime number?
False
Is 2230770398 a prime number?
False
Is 962788283 a prime number?
False
Is 19056603359 a composite number?
False
Is 458923031 composite?
True
Is 1500752897 a prime number?
False
Is 894078811 composite?
False
Is 12033256297 a composite number?
True
Is 1886682221 a prime number?
True
Is 2158091417 a composite number?
True
Is 1397380117 a prime number?
False
Is 12610377467 composite?
False
Is 267940931 composite?
False
Is 3520585231 a composite number?
False
Is 41284049 composite?
True
Is 1574513399 composite?
False
Is 25722189323 prime?
False
Is 5308477021 a composite number?
True
Is 1592420717 composite?
False
Is 369214141 a composite number?
False
Is 7000051897 prime?
False
Is 3662297039 a prime number?
True
Is 155125559 prime?
True
Is 560034977 a composite number?
True
Is 28402233529 composite?
False
Is 97907033659 composite?
False
Is 3515535703 a prime number?
True
Is 1654539917 a prime number?
True
Is 6833774501 prime?
True
Is 6131953073 prime?
False
Is 14791804309 a composite number?
True
Is 5861553837 composite?
True
Is 898920551 a composite number?
False
Is 15295851041 a composite number?
True
Is 1159301509 composite?
False
Is 3421242731 prime?
True
Is 1540527869 composite?
False
Is 1643733349 prime?
False
Is 1879523899 a composite number?
True
Is 10468383673 composite?
True
Is 975005071 prime?
True
Is 532845367 a composite number?
True
Is 25047752278 prime?
False
Is 8274132709 composite?
True
Is 436352281 a prime number?
True
Is 21271192121 prime?
False
Is 63933169 a prime number?
False
Is 16955951447 prime?
True
Is 316935299 a composite number?
False
Is 146695677 a prime number?
False
Is 2948649877 a prime number?
False
Is 8651761591 prime?
False
Is 788497949 prime?
False
Is 54066920639 composite?
False
Is 6561225589 composite?
False
Is 46538565221 composite?
False
Is 3391169599 a prime number?
True
Is 12915598933 a prime number?
True
Is 557642777 a prime number?
True
Is 19088063263 a composite number?
False
Is 41794644713 a prime number?
False
Is 19051507691 a composite number?
True
Is 5090306149 composite?
False
Is 247105651 a composite number?
True
Is 313045741 composite?
False
Is 2799762851 composite?
False
Is 422190604889 a prime number?
False
Is 2239648331 prime?
False
Is 12270902479 composite?
True
Is 125627529 composite?
True
Is 21793276277 a prime number?
True
Is 117239741 prime?
False
Is 5174189827 a prime number?
False
Is 70789707613 prime?
True
Is 127206263 prime?
True
Is 33755325211 a prime number?
True
Is 27471146759 composite?
True
Is 104397247 prime?
True
Is 10946563437 a composite number?
True
Is 132343307 prime?
False
Is 331515098 a composite number?
True
Is 1892032537 composite?
False
Is 5414394263 a composite number?
False
Is 27209328011 composite?
False
Is 123014306 prime?
False
Is 21640719601 prime?
True
Is 19395453